{"id":26,"date":"2016-01-19T11:03:05","date_gmt":"2016-01-19T13:03:05","guid":{"rendered":"http:\/\/sinsaudecp.com\/?page_id=26"},"modified":"2016-01-19T11:06:07","modified_gmt":"2016-01-19T13:06:07","slug":"o-sindicato","status":"publish","type":"page","link":"https:\/\/sinsaudecp.com\/?page_id=26","title":{"rendered":"O Sindicato"},"content":{"rendered":"<p><iframe loading=\"lazy\" style=\"border: 0; margin: 5px;\" src=\"https:\/\/www.google.com\/maps\/embed?pb=!1m14!1m8!1m3!1d3667.600617183116!2d-50.6419816!3d-23.1847723!3m2!1i1024!2i768!4f13.1!3m3!1m2!1s0x94eadf1c1a8d97e3%3A0x54806af0a4345c7e!2sAvenida+Alberto+Carazai%2C+223!5e0!3m2!1spt-BR!2sus!4v1401657945401\" width=\"500\" height=\"300\" frameborder=\"0\" align=\"right\"><\/iframe><\/p>\n<p>No ano de 1987. Em virtude de uma demiss\u00e3o em massa na santa casa de Cornelio Procopio. Foi fundada a ASSOCIA\u00c7\u00c3O PROFISSIONAL DOS EMPREGADOS EM ESTABELECIMENTOS DE SERVI\u00c7OS DE SAUDE DE CORNELIO PROCOPIO. Para posteriormente ser transformada em sindicato. no dia 27 de mar\u00e7o de 1989, foi fundado o SINDICATO DOS EMPREGADOS EM ESTABELECIMENTOS DE SERVI\u00c7OS DE SAUDE DE CORNELIO PROCOPIO E REGI\u00c3O. Com uma base territorial de 21 municipios. no ano de 1.998 o sindicato absorveu a base territorial do sindicato de Jacarezinho contando hoje com uma base territorial de 48 municipios, abrangendo a maioria das cidades do norte e Norte Pioneiro.<\/p>\n<p>O primeiro sindicato da cidade a filiar-se a CUT( central \u00fanica dos trabalhadores). Um dos primeiros sindicatos a conquistar as 36 horas semanais, e tambem varias conquistas que os tralhadores nao tinham, tais como ( adicional por tempo de servi\u00e7o, insalubridade para todos, lanches e refei\u00e7\u00f5es, uniformes e materiais necessarios ao trabalho, assessoria juridica, reverter demiss\u00f5es, a\u00e7\u00f5es trabalhistas, entre outras. Varias greves foram realizadas neste periodo, e em varias cidades da base. No inicio foram varias dificuldades, inclusive amea\u00e7as. Patr\u00f5es n\u00e3o queriam reconhecer a legitimidade do sindicato. Mas gra\u00e7as a luta dos dirigentes do sindicato e dos trabalhadores, estamos tendo varias conquistas que poder\u00e3o ser acompanhadas pelo site.<\/p>\n<p>A LUTA CONTINUA \u2013 FILIE-SE AO SINDICATO<\/p>\n","protected":false},"excerpt":{"rendered":"No ano de 1987. Em virtude de uma demiss\u00e3o em massa na santa casa de Cornelio Procopio. Foi fundada a ASSOCIA\u00c7\u00c3O PROFISSIONAL DOS \n<a class=\"moretag\" href=\"https:\/\/sinsaudecp.com\/?page_id=26\"> [Continuar leitura]<\/a>","protected":false},"author":1,"featured_media":0,"parent":0,"menu_order":0,"comment_status":"closed","ping_status":"closed","template":"layouts\/fullwidth.php","meta":{"spay_email":""},"jetpack_sharing_enabled":true,"jetpack_shortlink":"https:\/\/wp.me\/P72KuO-q","jetpack-related-posts":[{"id":20,"url":"https:\/\/sinsaudecp.com\/?page_id=20","url_meta":{"origin":26,"position":0},"title":"Contato","date":"19 de janeiro de 2016","format":false,"excerpt":"Tem alguma d\u00favida? Fale Conosco! Sindicato da Sa\u00fade de Corn\u00e9lio Proc\u00f3pio e Regi\u00e3o Av. Alberto Carazzai , 223 , Centro - Corn\u00e9lio Proc\u00f3pio Telefone : (43) 3523-3523 contato@sinsaudecp.com","rel":"","context":"Post similar","img":{"alt_text":"","src":"","width":0,"height":0},"classes":[]},{"id":24,"url":"https:\/\/sinsaudecp.com\/?page_id=24","url_meta":{"origin":26,"position":1},"title":"Vantagens","date":"19 de janeiro de 2016","format":false,"excerpt":"S\u00c3O VANTAGENS E DIREITOS DOS ASSOCIADOS: O associado poder\u00e1 utilizar os conv\u00eanios firmados pelo sindicato; O associado receber\u00e1, desde que com cadastro em dia no sindicato, jornais e informativos em sua resid\u00eancia pelo correio; Todo o associado em dia com a sua situa\u00e7\u00e3o cadastral poder\u00e3o participar de sorteios de cestas\u2026","rel":"","context":"Post similar","img":{"alt_text":"","src":"","width":0,"height":0},"classes":[]}],"_links":{"self":[{"href":"https:\/\/sinsaudecp.com\/index.php?rest_route=\/wp\/v2\/pages\/26"}],"collection":[{"href":"https:\/\/sinsaudecp.com\/index.php?rest_route=\/wp\/v2\/pages"}],"about":[{"href":"https:\/\/sinsaudecp.com\/index.php?rest_route=\/wp\/v2\/types\/page"}],"author":[{"embeddable":true,"href":"https:\/\/sinsaudecp.com\/index.php?rest_route=\/wp\/v2\/users\/1"}],"replies":[{"embeddable":true,"href":"https:\/\/sinsaudecp.com\/index.php?rest_route=%2Fwp%2Fv2%2Fcomments&post=26"}],"version-history":[{"count":1,"href":"https:\/\/sinsaudecp.com\/index.php?rest_route=\/wp\/v2\/pages\/26\/revisions"}],"predecessor-version":[{"id":27,"href":"https:\/\/sinsaudecp.com\/index.php?rest_route=\/wp\/v2\/pages\/26\/revisions\/27"}],"wp:attachment":[{"href":"https:\/\/sinsaudecp.com\/index.php?rest_route=%2Fwp%2Fv2%2Fmedia&parent=26"}],"curies":[{"name":"wp","href":"https:\/\/api.w.org\/{rel}","templated":true}]}}